{"id":6684,"date":"2024-04-18T19:26:20","date_gmt":"2024-04-18T19:26:20","guid":{"rendered":"http:\/\/glareone.eu\/produkt\/glareone-statyw-stolowy-60-cm-z-glowica-kulowa\/"},"modified":"2024-05-07T12:18:28","modified_gmt":"2024-05-07T12:18:28","slug":"glareone-tafelstatief-60-cm","status":"publish","type":"product","link":"https:\/\/glareone.eu\/nl\/product\/glareone-tafelstatief-60-cm\/","title":{"rendered":"GlareOne tafelstatief 60 cm &#8211; inclusief balhoofd"},"content":{"rendered":"<p>Tafelstatief met een maximale hoogte van 60 cm, dat je kunt monteren op een tafelblad of bureau. Het kan worden gebruikt met je camera, lamp, microfoon, studiolampen en andere accessoires. Het heeft een verstelbare hoogte in het bereik van 35-60 cm. Aan het einde bevindt zich een spie met een 1\/4-inch schroefdraad. Wordt geleverd met een kleine kop met een 1\/4 inch schroefdraad.<\/p>\n<h3>Gebruikt met<\/h3>\n<p>Het is geschikt voor video- of fotografie op tafelbladen, omdat het zeer weinig ruimte inneemt. Apparatuur die op het statief is gemonteerd, is beperkt tot slechts \u00e9\u00e9n kolom die stevig op het tafelblad is bevestigd. De spie van het statief maakt het mogelijk om een standaard studio-LED-lamp of flitser te monteren. De meegeleverde kop van het statief maakt het bijvoorbeeld mogelijk om een licht LED-paneel of microfoon te monteren.<\/p>\n<h3>Productkenmerken:<\/h3>\n<ul>\n<li>Duurzaam en lichtgewicht ontwerp<\/li>\n<li>Voor gebruik met lichte accessoires en studiolampen<\/li>\n<li>Kop inbegrepen<\/li>\n<li>Verstelbaar klemmenbereik tot 8,5 cm<\/li>\n<li>Lengte verstelbaar van 35 tot 60 cm<\/li>\n<li>1\/4-inch spie schroefdraad<\/li>\n<li>Aluminium klemmen en buizen<\/li>\n<li>Max. draagvermogen 2 kg<\/li>\n<\/ul>\n","protected":false},"excerpt":{"rendered":"<p>Tafelstatief met een maximale hoogte van 60 cm, dat je kunt monteren op een tafelblad of bureau. Het kan worden gebruikt met je camera, lamp, microfoon, studiolampen en andere accessoires. Het heeft een verstelbare hoogte in het bereik van 35-60 cm. Aan het einde bevindt zich een spie met een 1\/4-inch schroefdraad. Wordt geleverd met [&hellip;]<\/p>\n","protected":false},"featured_media":6653,"template":"","meta":[],"product_brand":[],"product_cat":[480],"product_tag":[],"class_list":{"0":"post-6684","1":"product","2":"type-product","3":"status-publish","4":"has-post-thumbnail","6":"product_cat-ander","8":"first","9":"instock","10":"product-type-simple"},"yoast_head":"<!-- This site is optimized with the Yoast SEO plugin v27.2 - https:\/\/yoast.com\/product\/yoast-seo-wordpress\/ -->\n<title>GlareOne Statyw sto\u0142owy 60 cm z g\u0142owic\u0105 kulow\u0105<\/title>\n<meta name=\"description\" content=\"GlareOne Statyw sto\u0142owy 60 cm z g\u0142owic\u0105 kulow\u0105\" \/>\n<meta name=\"robots\" content=\"index, follow, max-snippet:-1, max-image-preview:large, max-video-preview:-1\" \/>\n<link rel=\"canonical\" href=\"https:\/\/glareone.eu\/nl\/product\/glareone-tafelstatief-60-cm\/\" \/>\n<meta property=\"og:locale\" content=\"nl_NL\" \/>\n<meta property=\"og:type\" content=\"article\" \/>\n<meta property=\"og:title\" content=\"GlareOne Statyw sto\u0142owy 60 cm z g\u0142owic\u0105 kulow\u0105\" \/>\n<meta property=\"og:description\" content=\"GlareOne Statyw sto\u0142owy 60 cm z g\u0142owic\u0105 kulow\u0105\" \/>\n<meta property=\"og:url\" content=\"https:\/\/glareone.eu\/nl\/product\/glareone-tafelstatief-60-cm\/\" \/>\n<meta property=\"og:site_name\" content=\"GlareOne\" \/>\n<meta property=\"article:publisher\" content=\"https:\/\/www.facebook.com\/GlareOneLighting\" \/>\n<meta property=\"article:modified_time\" content=\"2024-05-07T12:18:28+00:00\" \/>\n<meta property=\"og:image\" content=\"https:\/\/glareone.eu\/wp-content\/uploads\/2024\/04\/SLS50-701_01.jpg\" \/>\n\t<meta property=\"og:image:width\" content=\"1200\" \/>\n\t<meta property=\"og:image:height\" content=\"1200\" \/>\n\t<meta property=\"og:image:type\" content=\"image\/jpeg\" \/>\n<meta name=\"twitter:card\" content=\"summary_large_image\" \/>\n<meta name=\"twitter:title\" content=\"GlareOne Statyw sto\u0142owy 60 cm z g\u0142owic\u0105 kulow\u0105\" \/>\n<meta name=\"twitter:label1\" content=\"Geschatte leestijd\" \/>\n\t<meta name=\"twitter:data1\" content=\"2 minuten\" \/>\n<script type=\"application\/ld+json\" class=\"yoast-schema-graph\">{\"@context\":\"https:\/\/schema.org\",\"@graph\":[{\"@type\":\"WebPage\",\"@id\":\"https:\/\/glareone.eu\/nl\/product\/glareone-tafelstatief-60-cm\/\",\"url\":\"https:\/\/glareone.eu\/nl\/product\/glareone-tafelstatief-60-cm\/\",\"name\":\"GlareOne Statyw sto\u0142owy 60 cm z g\u0142owic\u0105 kulow\u0105\",\"isPartOf\":{\"@id\":\"https:\/\/glareone.eu\/nl\/en\/#website\"},\"primaryImageOfPage\":{\"@id\":\"https:\/\/glareone.eu\/nl\/product\/glareone-tafelstatief-60-cm\/#primaryimage\"},\"image\":{\"@id\":\"https:\/\/glareone.eu\/nl\/product\/glareone-tafelstatief-60-cm\/#primaryimage\"},\"thumbnailUrl\":\"https:\/\/glareone.eu\/wp-content\/uploads\/2024\/04\/SLS50-701_01.jpg\",\"datePublished\":\"2024-04-18T19:26:20+00:00\",\"dateModified\":\"2024-05-07T12:18:28+00:00\",\"description\":\"GlareOne Statyw sto\u0142owy 60 cm z g\u0142owic\u0105 kulow\u0105\",\"breadcrumb\":{\"@id\":\"https:\/\/glareone.eu\/nl\/product\/glareone-tafelstatief-60-cm\/#breadcrumb\"},\"inLanguage\":\"nl-NL\",\"potentialAction\":[{\"@type\":\"ReadAction\",\"target\":[\"https:\/\/glareone.eu\/nl\/product\/glareone-tafelstatief-60-cm\/\"]}]},{\"@type\":\"ImageObject\",\"inLanguage\":\"nl-NL\",\"@id\":\"https:\/\/glareone.eu\/nl\/product\/glareone-tafelstatief-60-cm\/#primaryimage\",\"url\":\"https:\/\/glareone.eu\/wp-content\/uploads\/2024\/04\/SLS50-701_01.jpg\",\"contentUrl\":\"https:\/\/glareone.eu\/wp-content\/uploads\/2024\/04\/SLS50-701_01.jpg\",\"width\":1200,\"height\":1200},{\"@type\":\"BreadcrumbList\",\"@id\":\"https:\/\/glareone.eu\/nl\/product\/glareone-tafelstatief-60-cm\/#breadcrumb\",\"itemListElement\":[{\"@type\":\"ListItem\",\"position\":1,\"name\":\"Strona g\u0142\u00f3wna\",\"item\":\"https:\/\/glareone.eu\/nl\/\"},{\"@type\":\"ListItem\",\"position\":2,\"name\":\"Alle producten\",\"item\":\"https:\/\/glareone.eu\/nl\/producten\/alle-producten\/\"},{\"@type\":\"ListItem\",\"position\":3,\"name\":\"GlareOne tafelstatief 60 cm &#8211; inclusief balhoofd\"}]},{\"@type\":\"WebSite\",\"@id\":\"https:\/\/glareone.eu\/nl\/en\/#website\",\"url\":\"https:\/\/glareone.eu\/nl\/en\/\",\"name\":\"GlareOne\",\"description\":\"Wyposa\u017cenie Studia\",\"publisher\":{\"@id\":\"https:\/\/glareone.eu\/nl\/en\/#organization\"},\"potentialAction\":[{\"@type\":\"SearchAction\",\"target\":{\"@type\":\"EntryPoint\",\"urlTemplate\":\"https:\/\/glareone.eu\/nl\/en\/?s={search_term_string}\"},\"query-input\":{\"@type\":\"PropertyValueSpecification\",\"valueRequired\":true,\"valueName\":\"search_term_string\"}}],\"inLanguage\":\"nl-NL\"},{\"@type\":\"Organization\",\"@id\":\"https:\/\/glareone.eu\/nl\/en\/#organization\",\"name\":\"GlareOne\",\"url\":\"https:\/\/glareone.eu\/nl\/en\/\",\"logo\":{\"@type\":\"ImageObject\",\"inLanguage\":\"nl-NL\",\"@id\":\"https:\/\/glareone.eu\/nl\/en\/#\/schema\/logo\/image\/\",\"url\":\"http:\/\/glareone.eu\/wp-content\/uploads\/2024\/05\/glareone_logo2020_RGB-01-e1715773127189.png\",\"contentUrl\":\"http:\/\/glareone.eu\/wp-content\/uploads\/2024\/05\/glareone_logo2020_RGB-01-e1715773127189.png\",\"width\":1270,\"height\":321,\"caption\":\"GlareOne\"},\"image\":{\"@id\":\"https:\/\/glareone.eu\/nl\/en\/#\/schema\/logo\/image\/\"},\"sameAs\":[\"https:\/\/www.facebook.com\/GlareOneLighting\",\"https:\/\/www.instagram.com\/glareonelighting\/\",\"https:\/\/www.youtube.com\/@GlareOneTV\"]}]}<\/script>\n<!-- \/ Yoast SEO plugin. -->","yoast_head_json":{"title":"GlareOne Statyw sto\u0142owy 60 cm z g\u0142owic\u0105 kulow\u0105","description":"GlareOne Statyw sto\u0142owy 60 cm z g\u0142owic\u0105 kulow\u0105","robots":{"index":"index","follow":"follow","max-snippet":"max-snippet:-1","max-image-preview":"max-image-preview:large","max-video-preview":"max-video-preview:-1"},"canonical":"https:\/\/glareone.eu\/nl\/product\/glareone-tafelstatief-60-cm\/","og_locale":"nl_NL","og_type":"article","og_title":"GlareOne Statyw sto\u0142owy 60 cm z g\u0142owic\u0105 kulow\u0105","og_description":"GlareOne Statyw sto\u0142owy 60 cm z g\u0142owic\u0105 kulow\u0105","og_url":"https:\/\/glareone.eu\/nl\/product\/glareone-tafelstatief-60-cm\/","og_site_name":"GlareOne","article_publisher":"https:\/\/www.facebook.com\/GlareOneLighting","article_modified_time":"2024-05-07T12:18:28+00:00","og_image":[{"width":1200,"height":1200,"url":"https:\/\/glareone.eu\/wp-content\/uploads\/2024\/04\/SLS50-701_01.jpg","type":"image\/jpeg"}],"twitter_card":"summary_large_image","twitter_title":"GlareOne Statyw sto\u0142owy 60 cm z g\u0142owic\u0105 kulow\u0105","twitter_misc":{"Geschatte leestijd":"2 minuten"},"schema":{"@context":"https:\/\/schema.org","@graph":[{"@type":"WebPage","@id":"https:\/\/glareone.eu\/nl\/product\/glareone-tafelstatief-60-cm\/","url":"https:\/\/glareone.eu\/nl\/product\/glareone-tafelstatief-60-cm\/","name":"GlareOne Statyw sto\u0142owy 60 cm z g\u0142owic\u0105 kulow\u0105","isPartOf":{"@id":"https:\/\/glareone.eu\/nl\/en\/#website"},"primaryImageOfPage":{"@id":"https:\/\/glareone.eu\/nl\/product\/glareone-tafelstatief-60-cm\/#primaryimage"},"image":{"@id":"https:\/\/glareone.eu\/nl\/product\/glareone-tafelstatief-60-cm\/#primaryimage"},"thumbnailUrl":"https:\/\/glareone.eu\/wp-content\/uploads\/2024\/04\/SLS50-701_01.jpg","datePublished":"2024-04-18T19:26:20+00:00","dateModified":"2024-05-07T12:18:28+00:00","description":"GlareOne Statyw sto\u0142owy 60 cm z g\u0142owic\u0105 kulow\u0105","breadcrumb":{"@id":"https:\/\/glareone.eu\/nl\/product\/glareone-tafelstatief-60-cm\/#breadcrumb"},"inLanguage":"nl-NL","potentialAction":[{"@type":"ReadAction","target":["https:\/\/glareone.eu\/nl\/product\/glareone-tafelstatief-60-cm\/"]}]},{"@type":"ImageObject","inLanguage":"nl-NL","@id":"https:\/\/glareone.eu\/nl\/product\/glareone-tafelstatief-60-cm\/#primaryimage","url":"https:\/\/glareone.eu\/wp-content\/uploads\/2024\/04\/SLS50-701_01.jpg","contentUrl":"https:\/\/glareone.eu\/wp-content\/uploads\/2024\/04\/SLS50-701_01.jpg","width":1200,"height":1200},{"@type":"BreadcrumbList","@id":"https:\/\/glareone.eu\/nl\/product\/glareone-tafelstatief-60-cm\/#breadcrumb","itemListElement":[{"@type":"ListItem","position":1,"name":"Strona g\u0142\u00f3wna","item":"https:\/\/glareone.eu\/nl\/"},{"@type":"ListItem","position":2,"name":"Alle producten","item":"https:\/\/glareone.eu\/nl\/producten\/alle-producten\/"},{"@type":"ListItem","position":3,"name":"GlareOne tafelstatief 60 cm &#8211; inclusief balhoofd"}]},{"@type":"WebSite","@id":"https:\/\/glareone.eu\/nl\/en\/#website","url":"https:\/\/glareone.eu\/nl\/en\/","name":"GlareOne","description":"Wyposa\u017cenie Studia","publisher":{"@id":"https:\/\/glareone.eu\/nl\/en\/#organization"},"potentialAction":[{"@type":"SearchAction","target":{"@type":"EntryPoint","urlTemplate":"https:\/\/glareone.eu\/nl\/en\/?s={search_term_string}"},"query-input":{"@type":"PropertyValueSpecification","valueRequired":true,"valueName":"search_term_string"}}],"inLanguage":"nl-NL"},{"@type":"Organization","@id":"https:\/\/glareone.eu\/nl\/en\/#organization","name":"GlareOne","url":"https:\/\/glareone.eu\/nl\/en\/","logo":{"@type":"ImageObject","inLanguage":"nl-NL","@id":"https:\/\/glareone.eu\/nl\/en\/#\/schema\/logo\/image\/","url":"http:\/\/glareone.eu\/wp-content\/uploads\/2024\/05\/glareone_logo2020_RGB-01-e1715773127189.png","contentUrl":"http:\/\/glareone.eu\/wp-content\/uploads\/2024\/05\/glareone_logo2020_RGB-01-e1715773127189.png","width":1270,"height":321,"caption":"GlareOne"},"image":{"@id":"https:\/\/glareone.eu\/nl\/en\/#\/schema\/logo\/image\/"},"sameAs":["https:\/\/www.facebook.com\/GlareOneLighting","https:\/\/www.instagram.com\/glareonelighting\/","https:\/\/www.youtube.com\/@GlareOneTV"]}]}},"_links":{"self":[{"href":"https:\/\/glareone.eu\/nl\/wp-json\/wp\/v2\/product\/6684","targetHints":{"allow":["GET"]}}],"collection":[{"href":"https:\/\/glareone.eu\/nl\/wp-json\/wp\/v2\/product"}],"about":[{"href":"https:\/\/glareone.eu\/nl\/wp-json\/wp\/v2\/types\/product"}],"wp:featuredmedia":[{"embeddable":true,"href":"https:\/\/glareone.eu\/nl\/wp-json\/wp\/v2\/media\/6653"}],"wp:attachment":[{"href":"https:\/\/glareone.eu\/nl\/wp-json\/wp\/v2\/media?parent=6684"}],"wp:term":[{"taxonomy":"product_brand","embeddable":true,"href":"https:\/\/glareone.eu\/nl\/wp-json\/wp\/v2\/product_brand?post=6684"},{"taxonomy":"product_cat","embeddable":true,"href":"https:\/\/glareone.eu\/nl\/wp-json\/wp\/v2\/product_cat?post=6684"},{"taxonomy":"product_tag","embeddable":true,"href":"https:\/\/glareone.eu\/nl\/wp-json\/wp\/v2\/product_tag?post=6684"}],"curies":[{"name":"wp","href":"https:\/\/api.w.org\/{rel}","templated":true}]}}

<p>Tafelstatief met een maximale hoogte van 60 cm, dat je kunt monteren op een tafelblad of bureau. Het kan worden gebruikt met je camera, lamp, microfoon, studiolampen en andere accessoires. Het heeft een verstelbare hoogte in het bereik van 35-60 cm. Aan het einde bevindt zich een spie met een 1/4-inch schroefdraad. Wordt geleverd met een kleine kop met een 1/4 inch schroefdraad.</p>
<h3>Gebruikt met</h3>
<p>Het is geschikt voor video- of fotografie op tafelbladen, omdat het zeer weinig ruimte inneemt. Apparatuur die op het statief is gemonteerd, is beperkt tot slechts één kolom die stevig op het tafelblad is bevestigd. De spie van het statief maakt het mogelijk om een standaard studio-LED-lamp of flitser te monteren. De meegeleverde kop van het statief maakt het bijvoorbeeld mogelijk om een licht LED-paneel of microfoon te monteren.</p>
<h3>Productkenmerken:</h3>
<ul>
<li>Duurzaam en lichtgewicht ontwerp</li>
<li>Voor gebruik met lichte accessoires en studiolampen</li>
<li>Kop inbegrepen</li>
<li>Verstelbaar klemmenbereik tot 8,5 cm</li>
<li>Lengte verstelbaar van 35 tot 60 cm</li>
<li>1/4-inch spie schroefdraad</li>
<li>Aluminium klemmen en buizen</li>
<li>Max. draagvermogen 2 kg</li>
</ul>

<!-- This site is optimized with the Yoast SEO plugin v27.2 - https://yoast.com/product/yoast-seo-wordpress/ -->
<title>GlareOne Statyw stołowy 60 cm z głowicą kulową</title>
<meta name="description" content="GlareOne Statyw stołowy 60 cm z głowicą kulową" />
<meta name="robots" content="index, follow, max-snippet:-1, max-image-preview:large, max-video-preview:-1" />
<link rel="canonical" href="https://glareone.eu/nl/product/glareone-tafelstatief-60-cm/" />
<meta property="og:locale" content="nl_NL" />
<meta property="og:type" content="article" />
<meta property="og:title" content="GlareOne Statyw stołowy 60 cm z głowicą kulową" />
<meta property="og:description" content="GlareOne Statyw stołowy 60 cm z głowicą kulową" />
<meta property="og:url" content="https://glareone.eu/nl/product/glareone-tafelstatief-60-cm/" />
<meta property="og:site_name" content="GlareOne" />
<meta property="article:publisher" content="https://www.facebook.com/GlareOneLighting" />
<meta property="article:modified_time" content="2024-05-07T12:18:28+00:00" />
<meta property="og:image" content="https://glareone.eu/wp-content/uploads/2024/04/SLS50-701_01.jpg" />
	<meta property="og:image:width" content="1200" />
	<meta property="og:image:height" content="1200" />
	<meta property="og:image:type" content="image/jpeg" />
<meta name="twitter:card" content="summary_large_image" />
<meta name="twitter:title" content="GlareOne Statyw stołowy 60 cm z głowicą kulową" />
<meta name="twitter:label1" content="Geschatte leestijd" />
	<meta name="twitter:data1" content="2 minuten" />
<script type="application/ld+json" class="yoast-schema-graph">{"@context":"https://schema.org","@graph":[{"@type":"WebPage","@id":"https://glareone.eu/nl/product/glareone-tafelstatief-60-cm/","url":"https://glareone.eu/nl/product/glareone-tafelstatief-60-cm/","name":"GlareOne Statyw stołowy 60 cm z głowicą kulową","isPartOf":{"@id":"https://glareone.eu/nl/en/#website"},"primaryImageOfPage":{"@id":"https://glareone.eu/nl/product/glareone-tafelstatief-60-cm/#primaryimage"},"image":{"@id":"https://glareone.eu/nl/product/glareone-tafelstatief-60-cm/#primaryimage"},"thumbnailUrl":"https://glareone.eu/wp-content/uploads/2024/04/SLS50-701_01.jpg","datePublished":"2024-04-18T19:26:20+00:00","dateModified":"2024-05-07T12:18:28+00:00","description":"GlareOne Statyw stołowy 60 cm z głowicą kulową","breadcrumb":{"@id":"https://glareone.eu/nl/product/glareone-tafelstatief-60-cm/#breadcrumb"},"inLanguage":"nl-NL","potentialAction":[{"@type":"ReadAction","target":["https://glareone.eu/nl/product/glareone-tafelstatief-60-cm/"]}]},{"@type":"ImageObject","inLanguage":"nl-NL","@id":"https://glareone.eu/nl/product/glareone-tafelstatief-60-cm/#primaryimage","url":"https://glareone.eu/wp-content/uploads/2024/04/SLS50-701_01.jpg","contentUrl":"https://glareone.eu/wp-content/uploads/2024/04/SLS50-701_01.jpg","width":1200,"height":1200},{"@type":"BreadcrumbList","@id":"https://glareone.eu/nl/product/glareone-tafelstatief-60-cm/#breadcrumb","itemListElement":[{"@type":"ListItem","position":1,"name":"Strona główna","item":"https://glareone.eu/nl/"},{"@type":"ListItem","position":2,"name":"Alle producten","item":"https://glareone.eu/nl/producten/alle-producten/"},{"@type":"ListItem","position":3,"name":"GlareOne tafelstatief 60 cm &#8211; inclusief balhoofd"}]},{"@type":"WebSite","@id":"https://glareone.eu/nl/en/#website","url":"https://glareone.eu/nl/en/","name":"GlareOne","description":"Wyposażenie Studia","publisher":{"@id":"https://glareone.eu/nl/en/#organization"},"potentialAction":[{"@type":"SearchAction","target":{"@type":"EntryPoint","urlTemplate":"https://glareone.eu/nl/en/?s={search_term_string}"},"query-input":{"@type":"PropertyValueSpecification","valueRequired":true,"valueName":"search_term_string"}}],"inLanguage":"nl-NL"},{"@type":"Organization","@id":"https://glareone.eu/nl/en/#organization","name":"GlareOne","url":"https://glareone.eu/nl/en/","logo":{"@type":"ImageObject","inLanguage":"nl-NL","@id":"https://glareone.eu/nl/en/#/schema/logo/image/","url":"http://glareone.eu/wp-content/uploads/2024/05/glareone_logo2020_RGB-01-e1715773127189.png","contentUrl":"http://glareone.eu/wp-content/uploads/2024/05/glareone_logo2020_RGB-01-e1715773127189.png","width":1270,"height":321,"caption":"GlareOne"},"image":{"@id":"https://glareone.eu/nl/en/#/schema/logo/image/"},"sameAs":["https://www.facebook.com/GlareOneLighting","https://www.instagram.com/glareonelighting/","https://www.youtube.com/@GlareOneTV"]}]}</script>
<!-- / Yoast SEO plugin. -->

GlareOne Statyw stołowy 60 cm z głowicą kulową

Strona główna

Wyposażenie Studia
