{"id":6686,"date":"2024-04-18T19:26:20","date_gmt":"2024-04-18T19:26:20","guid":{"rendered":"http:\/\/glareone.eu\/produkt\/glareone-statyw-stolowy-60-cm-z-glowica-kulowa\/"},"modified":"2024-05-07T12:19:34","modified_gmt":"2024-05-07T12:19:34","slug":"glareone-tischstativ-60-cm","status":"publish","type":"product","link":"https:\/\/glareone.eu\/de\/product\/glareone-tischstativ-60-cm\/","title":{"rendered":"GlareOne Tischstativ 60 cm &#8211; inklusive Kugelkopf"},"content":{"rendered":"<p>Tischst\u00e4nder mit einer maximalen H\u00f6he von 60 cm, der auf einem Tisch oder Schreibtisch montiert werden kann. Er kann mit Ihrer Kamera, Lampe, Mikrofon, Studiolichtern und anderen Zubeh\u00f6rteilen aufgebaut werden. Er hat eine verstellbare H\u00f6he im Bereich von 35-60 cm. Am Ende befindet sich ein Zapfen mit einem 1\/4-Zoll-Gewinde. Wird mit einem kleinen Kopf mit einem 1\/4-Zoll-Gewinde geliefert.<\/p>\n<h3>Verwendet mit:<\/h3>\n<p>Er eignet sich f\u00fcr Video- oder Fotografieaufnahmen auf Tischplatten, da er sehr wenig Platz einnimmt. Das auf dem Stativ montierte Equipment ist auf eine fest am Tisch montierte S\u00e4ule beschr\u00e4nkt. Der St\u00e4nderzapfen erm\u00f6glicht die Befestigung einer Standard-Studio-LED-Lampe oder eines Blitzes. Der mitgelieferte Kopf des St\u00e4nders erm\u00f6glicht beispielsweise die Montage eines leichten LED-Panels oder eines Mikrofons.<\/p>\n<h3><strong>Produktmerkmale:<\/strong><\/h3>\n<ul>\n<li>Robustes und leichtes Design<\/li>\n<li>Geeignet f\u00fcr den Einsatz mit leichten Accessoires sowie Studiolichtern<\/li>\n<li>Kopf inklusive<\/li>\n<li>Verstellbarer Klemmbereich von bis zu 8,5 cm<\/li>\n<li>L\u00e4nge verstellbar von 35 bis 60 cm<\/li>\n<li>1\/4-Zoll-Zapfengewinde<\/li>\n<li>Aluminiumklemmen und -rohre<\/li>\n<li>Maximale Traglast von 2 kg<\/li>\n<\/ul>\n","protected":false},"excerpt":{"rendered":"<p>Tischst\u00e4nder mit einer maximalen H\u00f6he von 60 cm, der auf einem Tisch oder Schreibtisch montiert werden kann. Er kann mit Ihrer Kamera, Lampe, Mikrofon, Studiolichtern und anderen Zubeh\u00f6rteilen aufgebaut werden. Er hat eine verstellbare H\u00f6he im Bereich von 35-60 cm. Am Ende befindet sich ein Zapfen mit einem 1\/4-Zoll-Gewinde. Wird mit einem kleinen Kopf mit [&hellip;]<\/p>\n","protected":false},"featured_media":6655,"template":"","meta":[],"product_brand":[],"product_cat":[482],"product_tag":[],"class_list":{"0":"post-6686","1":"product","2":"type-product","3":"status-publish","4":"has-post-thumbnail","6":"product_cat-ander-de","8":"first","9":"instock","10":"product-type-simple"},"yoast_head":"<!-- This site is optimized with the Yoast SEO plugin v27.2 - https:\/\/yoast.com\/product\/yoast-seo-wordpress\/ -->\n<title>GlareOne Statyw sto\u0142owy 60 cm z g\u0142owic\u0105 kulow\u0105<\/title>\n<meta name=\"description\" content=\"GlareOne Statyw sto\u0142owy 60 cm z g\u0142owic\u0105 kulow\u0105\" \/>\n<meta name=\"robots\" content=\"index, follow, max-snippet:-1, max-image-preview:large, max-video-preview:-1\" \/>\n<link rel=\"canonical\" href=\"https:\/\/glareone.eu\/de\/product\/glareone-tischstativ-60-cm\/\" \/>\n<meta property=\"og:locale\" content=\"de_DE\" \/>\n<meta property=\"og:type\" content=\"article\" \/>\n<meta property=\"og:title\" content=\"GlareOne Statyw sto\u0142owy 60 cm z g\u0142owic\u0105 kulow\u0105\" \/>\n<meta property=\"og:description\" content=\"GlareOne Statyw sto\u0142owy 60 cm z g\u0142owic\u0105 kulow\u0105\" \/>\n<meta property=\"og:url\" content=\"https:\/\/glareone.eu\/de\/product\/glareone-tischstativ-60-cm\/\" \/>\n<meta property=\"og:site_name\" content=\"GlareOne\" \/>\n<meta property=\"article:publisher\" content=\"https:\/\/www.facebook.com\/GlareOneLighting\" \/>\n<meta property=\"article:modified_time\" content=\"2024-05-07T12:19:34+00:00\" \/>\n<meta property=\"og:image\" content=\"https:\/\/glareone.eu\/wp-content\/uploads\/2024\/04\/SLS50-701_01.jpg\" \/>\n\t<meta property=\"og:image:width\" content=\"1200\" \/>\n\t<meta property=\"og:image:height\" content=\"1200\" \/>\n\t<meta property=\"og:image:type\" content=\"image\/jpeg\" \/>\n<meta name=\"twitter:card\" content=\"summary_large_image\" \/>\n<meta name=\"twitter:title\" content=\"GlareOne Statyw sto\u0142owy 60 cm z g\u0142owic\u0105 kulow\u0105\" \/>\n<meta name=\"twitter:label1\" content=\"Gesch\u00e4tzte Lesezeit\" \/>\n\t<meta name=\"twitter:data1\" content=\"2\u00a0Minuten\" \/>\n<script type=\"application\/ld+json\" class=\"yoast-schema-graph\">{\"@context\":\"https:\/\/schema.org\",\"@graph\":[{\"@type\":\"WebPage\",\"@id\":\"https:\/\/glareone.eu\/de\/product\/glareone-tischstativ-60-cm\/\",\"url\":\"https:\/\/glareone.eu\/de\/product\/glareone-tischstativ-60-cm\/\",\"name\":\"GlareOne Statyw sto\u0142owy 60 cm z g\u0142owic\u0105 kulow\u0105\",\"isPartOf\":{\"@id\":\"https:\/\/glareone.eu\/de\/en\/#website\"},\"primaryImageOfPage\":{\"@id\":\"https:\/\/glareone.eu\/de\/product\/glareone-tischstativ-60-cm\/#primaryimage\"},\"image\":{\"@id\":\"https:\/\/glareone.eu\/de\/product\/glareone-tischstativ-60-cm\/#primaryimage\"},\"thumbnailUrl\":\"https:\/\/glareone.eu\/wp-content\/uploads\/2024\/04\/SLS50-701_01.jpg\",\"datePublished\":\"2024-04-18T19:26:20+00:00\",\"dateModified\":\"2024-05-07T12:19:34+00:00\",\"description\":\"GlareOne Statyw sto\u0142owy 60 cm z g\u0142owic\u0105 kulow\u0105\",\"breadcrumb\":{\"@id\":\"https:\/\/glareone.eu\/de\/product\/glareone-tischstativ-60-cm\/#breadcrumb\"},\"inLanguage\":\"de\",\"potentialAction\":[{\"@type\":\"ReadAction\",\"target\":[\"https:\/\/glareone.eu\/de\/product\/glareone-tischstativ-60-cm\/\"]}]},{\"@type\":\"ImageObject\",\"inLanguage\":\"de\",\"@id\":\"https:\/\/glareone.eu\/de\/product\/glareone-tischstativ-60-cm\/#primaryimage\",\"url\":\"https:\/\/glareone.eu\/wp-content\/uploads\/2024\/04\/SLS50-701_01.jpg\",\"contentUrl\":\"https:\/\/glareone.eu\/wp-content\/uploads\/2024\/04\/SLS50-701_01.jpg\",\"width\":1200,\"height\":1200},{\"@type\":\"BreadcrumbList\",\"@id\":\"https:\/\/glareone.eu\/de\/product\/glareone-tischstativ-60-cm\/#breadcrumb\",\"itemListElement\":[{\"@type\":\"ListItem\",\"position\":1,\"name\":\"Strona g\u0142\u00f3wna\",\"item\":\"https:\/\/glareone.eu\/de\/\"},{\"@type\":\"ListItem\",\"position\":2,\"name\":\"Alle Produkte\",\"item\":\"https:\/\/glareone.eu\/de\/produkte\/alle-produkte\/\"},{\"@type\":\"ListItem\",\"position\":3,\"name\":\"GlareOne Tischstativ 60 cm &#8211; inklusive Kugelkopf\"}]},{\"@type\":\"WebSite\",\"@id\":\"https:\/\/glareone.eu\/de\/en\/#website\",\"url\":\"https:\/\/glareone.eu\/de\/en\/\",\"name\":\"GlareOne\",\"description\":\"Wyposa\u017cenie Studia\",\"publisher\":{\"@id\":\"https:\/\/glareone.eu\/de\/en\/#organization\"},\"potentialAction\":[{\"@type\":\"SearchAction\",\"target\":{\"@type\":\"EntryPoint\",\"urlTemplate\":\"https:\/\/glareone.eu\/de\/en\/?s={search_term_string}\"},\"query-input\":{\"@type\":\"PropertyValueSpecification\",\"valueRequired\":true,\"valueName\":\"search_term_string\"}}],\"inLanguage\":\"de\"},{\"@type\":\"Organization\",\"@id\":\"https:\/\/glareone.eu\/de\/en\/#organization\",\"name\":\"GlareOne\",\"url\":\"https:\/\/glareone.eu\/de\/en\/\",\"logo\":{\"@type\":\"ImageObject\",\"inLanguage\":\"de\",\"@id\":\"https:\/\/glareone.eu\/de\/en\/#\/schema\/logo\/image\/\",\"url\":\"http:\/\/glareone.eu\/wp-content\/uploads\/2024\/05\/glareone_logo2020_RGB-01-e1715773127189.png\",\"contentUrl\":\"http:\/\/glareone.eu\/wp-content\/uploads\/2024\/05\/glareone_logo2020_RGB-01-e1715773127189.png\",\"width\":1270,\"height\":321,\"caption\":\"GlareOne\"},\"image\":{\"@id\":\"https:\/\/glareone.eu\/de\/en\/#\/schema\/logo\/image\/\"},\"sameAs\":[\"https:\/\/www.facebook.com\/GlareOneLighting\",\"https:\/\/www.instagram.com\/glareonelighting\/\",\"https:\/\/www.youtube.com\/@GlareOneTV\"]}]}<\/script>\n<!-- \/ Yoast SEO plugin. -->","yoast_head_json":{"title":"GlareOne Statyw sto\u0142owy 60 cm z g\u0142owic\u0105 kulow\u0105","description":"GlareOne Statyw sto\u0142owy 60 cm z g\u0142owic\u0105 kulow\u0105","robots":{"index":"index","follow":"follow","max-snippet":"max-snippet:-1","max-image-preview":"max-image-preview:large","max-video-preview":"max-video-preview:-1"},"canonical":"https:\/\/glareone.eu\/de\/product\/glareone-tischstativ-60-cm\/","og_locale":"de_DE","og_type":"article","og_title":"GlareOne Statyw sto\u0142owy 60 cm z g\u0142owic\u0105 kulow\u0105","og_description":"GlareOne Statyw sto\u0142owy 60 cm z g\u0142owic\u0105 kulow\u0105","og_url":"https:\/\/glareone.eu\/de\/product\/glareone-tischstativ-60-cm\/","og_site_name":"GlareOne","article_publisher":"https:\/\/www.facebook.com\/GlareOneLighting","article_modified_time":"2024-05-07T12:19:34+00:00","og_image":[{"width":1200,"height":1200,"url":"https:\/\/glareone.eu\/wp-content\/uploads\/2024\/04\/SLS50-701_01.jpg","type":"image\/jpeg"}],"twitter_card":"summary_large_image","twitter_title":"GlareOne Statyw sto\u0142owy 60 cm z g\u0142owic\u0105 kulow\u0105","twitter_misc":{"Gesch\u00e4tzte Lesezeit":"2\u00a0Minuten"},"schema":{"@context":"https:\/\/schema.org","@graph":[{"@type":"WebPage","@id":"https:\/\/glareone.eu\/de\/product\/glareone-tischstativ-60-cm\/","url":"https:\/\/glareone.eu\/de\/product\/glareone-tischstativ-60-cm\/","name":"GlareOne Statyw sto\u0142owy 60 cm z g\u0142owic\u0105 kulow\u0105","isPartOf":{"@id":"https:\/\/glareone.eu\/de\/en\/#website"},"primaryImageOfPage":{"@id":"https:\/\/glareone.eu\/de\/product\/glareone-tischstativ-60-cm\/#primaryimage"},"image":{"@id":"https:\/\/glareone.eu\/de\/product\/glareone-tischstativ-60-cm\/#primaryimage"},"thumbnailUrl":"https:\/\/glareone.eu\/wp-content\/uploads\/2024\/04\/SLS50-701_01.jpg","datePublished":"2024-04-18T19:26:20+00:00","dateModified":"2024-05-07T12:19:34+00:00","description":"GlareOne Statyw sto\u0142owy 60 cm z g\u0142owic\u0105 kulow\u0105","breadcrumb":{"@id":"https:\/\/glareone.eu\/de\/product\/glareone-tischstativ-60-cm\/#breadcrumb"},"inLanguage":"de","potentialAction":[{"@type":"ReadAction","target":["https:\/\/glareone.eu\/de\/product\/glareone-tischstativ-60-cm\/"]}]},{"@type":"ImageObject","inLanguage":"de","@id":"https:\/\/glareone.eu\/de\/product\/glareone-tischstativ-60-cm\/#primaryimage","url":"https:\/\/glareone.eu\/wp-content\/uploads\/2024\/04\/SLS50-701_01.jpg","contentUrl":"https:\/\/glareone.eu\/wp-content\/uploads\/2024\/04\/SLS50-701_01.jpg","width":1200,"height":1200},{"@type":"BreadcrumbList","@id":"https:\/\/glareone.eu\/de\/product\/glareone-tischstativ-60-cm\/#breadcrumb","itemListElement":[{"@type":"ListItem","position":1,"name":"Strona g\u0142\u00f3wna","item":"https:\/\/glareone.eu\/de\/"},{"@type":"ListItem","position":2,"name":"Alle Produkte","item":"https:\/\/glareone.eu\/de\/produkte\/alle-produkte\/"},{"@type":"ListItem","position":3,"name":"GlareOne Tischstativ 60 cm &#8211; inklusive Kugelkopf"}]},{"@type":"WebSite","@id":"https:\/\/glareone.eu\/de\/en\/#website","url":"https:\/\/glareone.eu\/de\/en\/","name":"GlareOne","description":"Wyposa\u017cenie Studia","publisher":{"@id":"https:\/\/glareone.eu\/de\/en\/#organization"},"potentialAction":[{"@type":"SearchAction","target":{"@type":"EntryPoint","urlTemplate":"https:\/\/glareone.eu\/de\/en\/?s={search_term_string}"},"query-input":{"@type":"PropertyValueSpecification","valueRequired":true,"valueName":"search_term_string"}}],"inLanguage":"de"},{"@type":"Organization","@id":"https:\/\/glareone.eu\/de\/en\/#organization","name":"GlareOne","url":"https:\/\/glareone.eu\/de\/en\/","logo":{"@type":"ImageObject","inLanguage":"de","@id":"https:\/\/glareone.eu\/de\/en\/#\/schema\/logo\/image\/","url":"http:\/\/glareone.eu\/wp-content\/uploads\/2024\/05\/glareone_logo2020_RGB-01-e1715773127189.png","contentUrl":"http:\/\/glareone.eu\/wp-content\/uploads\/2024\/05\/glareone_logo2020_RGB-01-e1715773127189.png","width":1270,"height":321,"caption":"GlareOne"},"image":{"@id":"https:\/\/glareone.eu\/de\/en\/#\/schema\/logo\/image\/"},"sameAs":["https:\/\/www.facebook.com\/GlareOneLighting","https:\/\/www.instagram.com\/glareonelighting\/","https:\/\/www.youtube.com\/@GlareOneTV"]}]}},"_links":{"self":[{"href":"https:\/\/glareone.eu\/de\/wp-json\/wp\/v2\/product\/6686","targetHints":{"allow":["GET"]}}],"collection":[{"href":"https:\/\/glareone.eu\/de\/wp-json\/wp\/v2\/product"}],"about":[{"href":"https:\/\/glareone.eu\/de\/wp-json\/wp\/v2\/types\/product"}],"wp:featuredmedia":[{"embeddable":true,"href":"https:\/\/glareone.eu\/de\/wp-json\/wp\/v2\/media\/6655"}],"wp:attachment":[{"href":"https:\/\/glareone.eu\/de\/wp-json\/wp\/v2\/media?parent=6686"}],"wp:term":[{"taxonomy":"product_brand","embeddable":true,"href":"https:\/\/glareone.eu\/de\/wp-json\/wp\/v2\/product_brand?post=6686"},{"taxonomy":"product_cat","embeddable":true,"href":"https:\/\/glareone.eu\/de\/wp-json\/wp\/v2\/product_cat?post=6686"},{"taxonomy":"product_tag","embeddable":true,"href":"https:\/\/glareone.eu\/de\/wp-json\/wp\/v2\/product_tag?post=6686"}],"curies":[{"name":"wp","href":"https:\/\/api.w.org\/{rel}","templated":true}]}}

<p>Tischständer mit einer maximalen Höhe von 60 cm, der auf einem Tisch oder Schreibtisch montiert werden kann. Er kann mit Ihrer Kamera, Lampe, Mikrofon, Studiolichtern und anderen Zubehörteilen aufgebaut werden. Er hat eine verstellbare Höhe im Bereich von 35-60 cm. Am Ende befindet sich ein Zapfen mit einem 1/4-Zoll-Gewinde. Wird mit einem kleinen Kopf mit einem 1/4-Zoll-Gewinde geliefert.</p>
<h3>Verwendet mit:</h3>
<p>Er eignet sich für Video- oder Fotografieaufnahmen auf Tischplatten, da er sehr wenig Platz einnimmt. Das auf dem Stativ montierte Equipment ist auf eine fest am Tisch montierte Säule beschränkt. Der Ständerzapfen ermöglicht die Befestigung einer Standard-Studio-LED-Lampe oder eines Blitzes. Der mitgelieferte Kopf des Ständers ermöglicht beispielsweise die Montage eines leichten LED-Panels oder eines Mikrofons.</p>
<h3><strong>Produktmerkmale:</strong></h3>
<ul>
<li>Robustes und leichtes Design</li>
<li>Geeignet für den Einsatz mit leichten Accessoires sowie Studiolichtern</li>
<li>Kopf inklusive</li>
<li>Verstellbarer Klemmbereich von bis zu 8,5 cm</li>
<li>Länge verstellbar von 35 bis 60 cm</li>
<li>1/4-Zoll-Zapfengewinde</li>
<li>Aluminiumklemmen und -rohre</li>
<li>Maximale Traglast von 2 kg</li>
</ul>

<p>Tischständer mit einer maximalen Höhe von 60 cm, der auf einem Tisch oder Schreibtisch montiert werden kann. Er kann mit Ihrer Kamera, Lampe, Mikrofon, Studiolichtern und anderen Zubehörteilen aufgebaut werden. Er hat eine verstellbare Höhe im Bereich von 35-60 cm. Am Ende befindet sich ein Zapfen mit einem 1/4-Zoll-Gewinde. Wird mit einem kleinen Kopf mit [&hellip;]</p>

<!-- This site is optimized with the Yoast SEO plugin v27.2 - https://yoast.com/product/yoast-seo-wordpress/ -->
<title>GlareOne Statyw stołowy 60 cm z głowicą kulową</title>
<meta name="description" content="GlareOne Statyw stołowy 60 cm z głowicą kulową" />
<meta name="robots" content="index, follow, max-snippet:-1, max-image-preview:large, max-video-preview:-1" />
<link rel="canonical" href="https://glareone.eu/de/product/glareone-tischstativ-60-cm/" />
<meta property="og:locale" content="de_DE" />
<meta property="og:type" content="article" />
<meta property="og:title" content="GlareOne Statyw stołowy 60 cm z głowicą kulową" />
<meta property="og:description" content="GlareOne Statyw stołowy 60 cm z głowicą kulową" />
<meta property="og:url" content="https://glareone.eu/de/product/glareone-tischstativ-60-cm/" />
<meta property="og:site_name" content="GlareOne" />
<meta property="article:publisher" content="https://www.facebook.com/GlareOneLighting" />
<meta property="article:modified_time" content="2024-05-07T12:19:34+00:00" />
<meta property="og:image" content="https://glareone.eu/wp-content/uploads/2024/04/SLS50-701_01.jpg" />
	<meta property="og:image:width" content="1200" />
	<meta property="og:image:height" content="1200" />
	<meta property="og:image:type" content="image/jpeg" />
<meta name="twitter:card" content="summary_large_image" />
<meta name="twitter:title" content="GlareOne Statyw stołowy 60 cm z głowicą kulową" />
<meta name="twitter:label1" content="Geschätzte Lesezeit" />
	<meta name="twitter:data1" content="2 Minuten" />
<script type="application/ld+json" class="yoast-schema-graph">{"@context":"https://schema.org","@graph":[{"@type":"WebPage","@id":"https://glareone.eu/de/product/glareone-tischstativ-60-cm/","url":"https://glareone.eu/de/product/glareone-tischstativ-60-cm/","name":"GlareOne Statyw stołowy 60 cm z głowicą kulową","isPartOf":{"@id":"https://glareone.eu/de/en/#website"},"primaryImageOfPage":{"@id":"https://glareone.eu/de/product/glareone-tischstativ-60-cm/#primaryimage"},"image":{"@id":"https://glareone.eu/de/product/glareone-tischstativ-60-cm/#primaryimage"},"thumbnailUrl":"https://glareone.eu/wp-content/uploads/2024/04/SLS50-701_01.jpg","datePublished":"2024-04-18T19:26:20+00:00","dateModified":"2024-05-07T12:19:34+00:00","description":"GlareOne Statyw stołowy 60 cm z głowicą kulową","breadcrumb":{"@id":"https://glareone.eu/de/product/glareone-tischstativ-60-cm/#breadcrumb"},"inLanguage":"de","potentialAction":[{"@type":"ReadAction","target":["https://glareone.eu/de/product/glareone-tischstativ-60-cm/"]}]},{"@type":"ImageObject","inLanguage":"de","@id":"https://glareone.eu/de/product/glareone-tischstativ-60-cm/#primaryimage","url":"https://glareone.eu/wp-content/uploads/2024/04/SLS50-701_01.jpg","contentUrl":"https://glareone.eu/wp-content/uploads/2024/04/SLS50-701_01.jpg","width":1200,"height":1200},{"@type":"BreadcrumbList","@id":"https://glareone.eu/de/product/glareone-tischstativ-60-cm/#breadcrumb","itemListElement":[{"@type":"ListItem","position":1,"name":"Strona główna","item":"https://glareone.eu/de/"},{"@type":"ListItem","position":2,"name":"Alle Produkte","item":"https://glareone.eu/de/produkte/alle-produkte/"},{"@type":"ListItem","position":3,"name":"GlareOne Tischstativ 60 cm &#8211; inklusive Kugelkopf"}]},{"@type":"WebSite","@id":"https://glareone.eu/de/en/#website","url":"https://glareone.eu/de/en/","name":"GlareOne","description":"Wyposażenie Studia","publisher":{"@id":"https://glareone.eu/de/en/#organization"},"potentialAction":[{"@type":"SearchAction","target":{"@type":"EntryPoint","urlTemplate":"https://glareone.eu/de/en/?s={search_term_string}"},"query-input":{"@type":"PropertyValueSpecification","valueRequired":true,"valueName":"search_term_string"}}],"inLanguage":"de"},{"@type":"Organization","@id":"https://glareone.eu/de/en/#organization","name":"GlareOne","url":"https://glareone.eu/de/en/","logo":{"@type":"ImageObject","inLanguage":"de","@id":"https://glareone.eu/de/en/#/schema/logo/image/","url":"http://glareone.eu/wp-content/uploads/2024/05/glareone_logo2020_RGB-01-e1715773127189.png","contentUrl":"http://glareone.eu/wp-content/uploads/2024/05/glareone_logo2020_RGB-01-e1715773127189.png","width":1270,"height":321,"caption":"GlareOne"},"image":{"@id":"https://glareone.eu/de/en/#/schema/logo/image/"},"sameAs":["https://www.facebook.com/GlareOneLighting","https://www.instagram.com/glareonelighting/","https://www.youtube.com/@GlareOneTV"]}]}</script>
<!-- / Yoast SEO plugin. -->

GlareOne Statyw stołowy 60 cm z głowicą kulową

Strona główna

Wyposażenie Studia
